rivative of -k**5/60 - k**4/3 - 5*k**3/3 - 295*k**2. Calculate q(-7).
-3
Let j(b) = 6*b + 149. Let q be j(-23). Let c(w) = -21*w + 13*w + q*w. Suppose -4*g + 19 = -s, -4*g = 4*s - 9 - 15. Determine c(g).
15
Let n(l) = l**2 + 2*l + 1. Suppose 5*m = -4*b + 6*m + 900, 2*m = 4*b - 896. Let d = -230 + b. Give n(d).
9
Suppose -8 = 2*g - 4*d, -14*g - 5*d = -4*d - 118. Let v(h) be the first derivative of 5*h**2/2 + h + 3. What is v(g)?
41
Suppose 12*n = 16*n - 272. Let r = -131 + n. Let y = 53 + r. Let j(m) = m + 6. Give j(y).
-4
Let p(x) = x**3 + 6*x**2 - 14*x + 3. Let w = 18015 + -18021. Give p(w).
87
Let r(b) be the third derivative of b**5/60 + 5*b**4/24 - 19*b**3/3 + 12638*b**2. Determine r(7).
46
Let z be 7991/427 + 1 + (-5)/7. Suppose -3*q = -z*q - 32. Let x(j) = 6*j**2 + 3*j + 3. Determine x(q).
21
Let b be (-2)/4 - (8 - (-126)/(-12)). Let i be b/7 + ((-230)/7)/10. Let o(d) = d**3 - d**3 + 2 + 1 + d**3 + d**2. Give o(i).
-15
Suppose 0 = 4*g + 4*w - 100, 0 = -2*g + 19*w - 17*w + 50. Suppose -4*j - 3*o - g = 0, 3*o - 2 = 1. Let p(m) = 4*m + 3. Determine p(j).
-25
Let z(c) = c + 11. Let i be (3/2)/3 + 31/62. Suppose -4*t + 7 = -i. Suppose -t*l - l = -l. Determine z(l).
11
Let w(f) = 3*f - 1 + f**2 - 3*f**2 + 3*f**2. Let x(c) = c + 1563769 - 1563769. Let d(n) = -w(n) + 4*x(n). What is d(-2)?
-5
Let j(v) = -2*v - 3*v - v + 3*v + 10. Suppose -3*d + g + 71 = 0, 8*d - 84 = 4*d - 4*g. Suppose 0 = -3*i - i + 5*l + d, -i = -5*l - 2. Give j(i).
-11
Let r be (10/4)/((-80)/(-128)). Let f(k) = 3 - 19 + 2 - r*k + 1 - 13. Determine f(-8).
6
Suppose -184 = -0*n - n + c, c = -3. Let h = -183 + n. Let k(i) = i**3 + 4*i**2 + i + 2. Calculate k(h).
8
Let j(z) = -52*z + 26. Let t be j(-3). Let f = 188 - t. Let v(m) = -4 + 3 - m**2 + 2*m + 3*m. Determine v(f).
-7
Let h(y) = -16*y + 2. Let c be h(15). Let p = -104 - c. Let s(m) = -64*m**2 - 63*m**2 + p*m**2. Give s(1).
7
Let l(r) be the second derivative of 2*r**3/3 + 77*r**2/2 - 2*r + 393. Determine l(-18).
5
Let g(q) = -2*q**2 + 5*q + 2. Let l(x) be the third derivative of -x**4/24 + 7*x**3/6 + x**2 + 22*x. Let k be l(2). What is g(k)?
-23
Let m(d) be the first derivative of -d**4/4 - d**3/3 + 3*d**2/2 + d + 2499. Determine m(-3).
10
Let b(a) = a - 6. Suppose 0 = -10*t + 12*t - 4. Let o be (-5 - -1)*(-2)/4 - t. Suppose o*p = -6*p + 5*p. Calculate b(p).
-6
Let o be (-2)/(-9) - (-3)/((-54)/(-590)). Suppose 4*b - 37 = -o. Let c(s) = s**3 - b - 60*s**2 + 4 + 5*s + 54*s**2. What is c(4)?
-9
Let x(g) be the first derivative of -5*g**3/3 - 5*g**2/2 - 19*g - 116. Let h(i) = -i**2 + i - 4. Let m(t) = -3*h(t) + x(t). Determine m(-6).
-31
Let f(m) = m + 6. Let z(o) = -13*o - 1046. Let b be z(-81). Suppose -3*l = -v + 40, 0 = v + l + 2*l - 46. Suppose 6 + v = -b*k. Give f(k).
-1
Let u(g) = -2*g**2 + 44443*g - 24 - 22229*g - 22236*g. What is u(-10)?
-4
Let l(g) = 122 - 268 + 147 + 16*g. Determine l(0).
1
Let w(m) = -m**3 - 15*m**2 + 10*m - 1. Let x = -154 - -158. Let v(j) = j**3 + 16*j**2 - 9*j. Let n(c) = x*w(c) + 3*v(c). What is n(-13)?
-4
Suppose 0 = 33*q + 5*q - 114. Let f(x) be the third derivative of -x**4/12 + x**3 - x**2. Determine f(q).
0
Let l(k) = -k**2 - 2. Let d(u) = u**3 + 11*u**2 + 18*u + 13. Let n be -3*(-9)/(1 - 4). Let j be d(n). Suppose 5*q + 7*g = 2*g + 15, 4*q + 5*g = j. Give l(q).
-6
Let c(t) = -29*t**2 + 15*t - 23. Let s be c(3). Let f = s - -235. Let v(o) be the first derivative of o**3/3 - 5*o - 2. Determine v(f).
11
Suppose 595*w + 69 = 572*w. Let i(t) = -2*t**3 - 3*t**2 + 10*t + 7. Determine i(w).
4
Let p(o) = 5 + 23*o**3 + 10*o**3 - 4 + 6. Let l(s) be the first derivative of 17*s**4/4 + 4*s - 12. Let a(t) = 5*l(t) - 3*p(t). Give a(1).
-15
Suppose 0 = -3*s + 2*t + 19, -5*s + 27*t - 22*t = -25. Let v(q) = -3*q + 18. Calculate v(s).
-9
Suppose 0 = -4*u + 9 - 1. Let t = -55 - -119. Let q(w) = u*w**2 + t*w**3 - 2*w**2 - 63*w**3 + 2. Determine q(2).
10
Let m = -35 + 37. Let p(y) = 5*y**2 - 8*y**m + 6*y**2 - 6*y - 12 - 2*y**2. Determine p(9).
15
Let a(f) = 2*f + 56. Let l(s) = -108*s - 106. Let p(u) = 2*a(u) + l(u). What is p(1)?
-98
Let d(h) = 3*h**3 - 2*h**2 + 1. Let m(f) = 2*f**2 + 2*f. Let o be m(-2). Suppose 4*z - 1279 = -1255. Suppose z = -o*r - 2, -5*r - 14 = 4*i. Give d(i).
-4
Let s be -1 - (1*-6 - -1). Let r(h) = -50 - 22 + 0*h - 5*h + 116 - 2*h - 26. What is r(s)?
-10
Let o(b) be the first derivative of b**3/3 + 7*b**2/2 + 13*b - 90. Calculate o(-6).
7
Let x(q) = -q**3 + 7*q**2 - 4*q - 3. Let g be x(6). Suppose -l + g = m + 6, 4*l - 2*m = -12. Let h(u) = u**3 + u**2 + u + 1. Calculate h(l).
0
Let p(g) = 3*g**2 - 2*g - 2. Let v(f) = 13*f**2 - 8*f - 8. Let u(o) = -9*p(o) + 2*v(o). Let k = 735 - 1055. Let y = k - -325. Determine u(y).
-13
Suppose 8*g = 74 - 18. Let l be (-4)/2 + 0 - -20. Let u(n) = -6 - g + l + n. Determine u(-3).
2
Let o(c) = 0*c**2 + 10*c - c**3 - 3849851 + 3849858 + c**2 - 2*c**2 + 2*c**2. Give o(4).
-1
Suppose -3*i - m + 2 = 0, 3*i - 2*m = 4*i + 6. Let g(s) = -16*s**2 + 5*s**2 - 16*s + 3*s - 9 + 9*s**i. Determine g(-8).
-33
Suppose 23*j - 9680 = -17*j. Let s = -237 + j. Let f(v) = -v**3 + 7*v**2 - 2*v - 5. Give f(s).
35
Let r(x) = x**3 - 30*x**2 - 65*x + 34. Let n be r(32). Let z(q) = 10*q - 18. Determine z(n).
2
Let v(u) be the second derivative of u**4/12 + 7*u**3/6 - 137*u + 2. Let m be (-1 + 2)/(((-96)/40)/12). What is v(m)?
-10
Let f(r) be the first derivative of -4*r**3 + 3/2*r**2 - r - 11. Determine f(2).
-43
Suppose -35 = -12*g + 5*g. Let l be (-2)/6 - (-13)/3. Let p be ((-1)/l)/(g/20). Let t(a) = 10*a + 1. Calculate t(p).
-9
Let l(u) = -3*u - 17. Let k be l(-8). Let f(j) be the second derivative of j**3/3 - 4*j**2 + 3540*j. What is f(k)?
6
Let b(n) be the second derivative of n**3/6 + 2*n**2 - 778*n. Let u = 25 - 18. Calculate b(u).
11
Let u(f) = -f**3 - 6*f**2 - 3*f + 6. Suppose 4*m - 4*z - 152 = 0, 12*z - 10*z = 4. Suppose 3*q = 4*s + 29, -s + 6*s - 5*q = -m. What is u(s)?
-4
Let d(h) = -20*h + 787. Let y be d(39). Let c(i) = -i**2 - 3*i + 16. Give c(y).
-54
Let z(c) = -24 - 28 + 59 - 18 - 5*c. Give z(3).
-26
Let j(m) = -7*m**2 - 15*m - 203. Let h(x) = -13*x**2 - 21*x - 405. Let l(o) = 6*h(o) - 11*j(o). Give l(6).
1
Let c = 220 + -85. Let k = -127 + c. Let o(v) = v**2 - 7*v - 5. Determine o(k).
3
Let v(r) be the third derivative of r**5/60 - r**4/6 - 17*r**3/6 - 3*r**2 - 183. What is v(5)?
-12
Let y(z) = 1 - 2*z**2 + 101*z + 0 - 107*z. Let a(v) = 7*v - 1. Let w(c) = -4*a(c) - 5*y(c). Let m = -3 + 4. Give w(m).
11
Let m(b) be the first derivative of b**4/4 + b**3/3 - b**2/2 + 6*b - 1. Let o be 2*(75/(-42) + (-70)/(-245)). Give m(o).
-9
Suppose -4*p = 404 - 124. Let l = p + 76. Let w(b) = 3*b - 7. Calculate w(l).
11
Let f(w) = 7*w + 36. Let v(u) = -3*u - 15. Let h(m) = -2*f(m) - 5*v(m). Determine h(-2).
1
Let f(b) = 774*b + 6988. Let s be f(-9). Let t(a) = a**2 - 15*a - 156. Give t(s).
-2
Let o be 66/(-99) - (-11)/3. Let b(n) = 2*n + 5*n**2 - 7*n**o + 11*n**3 - 3*n**3 + 1 - 2*n**3 + 0*n**3. Give b(6).
-23
Let k(c) = -25 + c**2 + 88 + c**3 - 41 - 23 + 8*c**3. Let o(x) = -x**3 - x**2 + 1. Let w be o(1). What is k(w)?
-9
Let s be 5/(25/(-16))*(-5)/2. Suppose b + s*b = 99. Suppose i = 21 - b. Let o(j) = j**3 - 9*j**2 - 10*j + 5. What is o(i)?
5
Let g(l) = -19*l**2 - 2*l + 1. Suppose -2*a + 13 = w, -6*a - 9 = -8*a - 5*w. Suppose -a*o = -25 + 18. Determine g(o).
-20
Let p(x) = -54 + 52 - 8*x**2 + 2*x**3 + 0*x + 3*x + 3*x**2. What is p(2)?
0
Suppose -2*i = -5*i + 3*n + 3, 4*i = 3*n + 5. Let h(x) = 66*x + 5 - i - 67*x + 0. Let g = -2 + 2. Calculate h(g).
3
Let r(i) = -5*i**3 - 5*i**2 + 7*i - 2. Suppose 65 = -25*c + 38*c. Let v(h) = 4*h**3 + 4*h**2 - 6*h + 2. Let s(u) = c*r(u) + 6*v(u). Give s(-2).
8
Let q(n) = 20*n**3 + 4*n**2 - 15*n + 40. Let g(o) = 31*o**3 + 6*o**2 - 23*o + 62. Let h(j) = 9*g(j) - 14*q(j). Determine h(-3).
-2
Let y(n) = -5*n + 4 - 12*n + n - 1 + n**3 + 23*n + 8*n**2. Let b be (-2)/3*18/(-12). Let p = b - 8. Determine y(p).
3
Let i(h) = -358*h + 0*h**2 + 359*h - 5*h**2. Calculate i(1).
-4
Let b(p) = 2*p**3 - 8*p**2 - 5*p - 4. Let h(j) = -5*j**3 + 17*j**2 + 11*j + 9. Let u = -237 + 129. Let c = -111 - u. Let s(l) = c*h(l) - 7*b(l). What is s(-2)?
9
Let t(q) = -13 - 10 + 0 - 16 + 59 + q. Determine t(-21).
-1
Let w(n) = -n**3 - 6*n**2 + n + 12. Suppose -63*j +